{"id":1603,"date":"2024-08-05T17:20:03","date_gmt":"2024-08-05T15:20:03","guid":{"rendered":"https:\/\/www.camping-frechealane.com\/?post_type=alentours&#038;p=1603"},"modified":"2024-09-19T17:40:49","modified_gmt":"2024-09-19T15:40:49","slug":"le-cap-frehel","status":"publish","type":"alentours","link":"https:\/\/www.camping-frechealane.com\/nl\/alentours\/le-cap-frehel\/","title":{"rendered":"Cap Fr\u00e9hel"},"content":{"rendered":"<div class=\"columns sec-10 sec-10-c\" style=\"align-items:center;\"><div class=\"columns__item texte\" style=\"align-self:center;flex-basis:40.5%;\"><h1 class=\"h2\">Fr\u00e9hel<\/h1><p  style=\"\" id=\"134\" >Als je houdt van ongerepte, bijna vijandige kustlandschappen, plaatsen waar de natuur steile kliffen heeft gemaakt, waar de zee onwelkom lijkt en waar de wind hard waait: ga dan naar de <a href=\"https:\/\/www.camping-frechealane.com\/camping-au-cap-frehel\/\" data-type=\"page\" data-id=\"134\">camping van Cap Fr\u00e9hel<\/a>.\nDit is een van de meest indrukwekkende plekken van Bretagne, met zijn roze zandstenen kliffen 70 m boven de smaragdgroene zee, zijn kleurrijke heidevelden zover het oog reikt en zijn vuurtorens.\nHet uitzicht vanaf Cap Fr\u00e9hel is gewoonweg adembenemend en op een heldere dag kun je tot Paimpol kijken.  <\/p><p  style=\"\"  >Een groot aantal zeevogels nestelt op de kliffen en biedt een levend spektakel binnen het bereik van de verrekijker.\nHet zijn deze vogels die om ons heen vliegen en in hoge mate bijdragen aan de charme van deze plek.\n(Meeuwen, zeemeeuwen, kuifaalscholvers en de meer discrete zeekoeten en pingu\u00efns!)  <\/p><div class=\"fc-lireplus fc-desk\"style=\"\"><p  style=\"\"  >Meer lezen  <span class=\"fc-icon\"><svg xmlns=\"http:\/\/www.w3.org\/2000\/svg\"  viewBox=\"0 0 320 512\" width=\"16px\" height=\"16px\"><!--! Font Awesome Pro 6.4.2 by @fontawesome - https:\/\/fontawesome.com License - https:\/\/fontawesome.com\/license (Commercial License) Copyright 2023 Fonticons, Inc.--><path d=\"M301.7 250.3c3.1 3.1 3.1 8.2 0 11.3l-216 216c-3.1 3.1-8.2 3.1-11.3 0s-3.1-8.2 0-11.3L284.7 256 74.3 45.7c-3.1-3.1-3.1-8.2 0-11.3s8.2-3.1 11.3 0l216 216z\"\/><\/svg><\/span><\/p><div class=\"group\"><p  style=\"\"  >Begin juli, op een heldere dag, wordt het roze zandsteen van de kliffen onthuld, samen met de 400 hectare dennen en heide.\nWees getuige van een waar kleurenfestival dat niet kan worden uitgelegd.\nHet veen van Cap Fr\u00e9hel is een van de meest bezochte plaatsen in Bretagne.\nDe kaap staat sinds 1967 op de lijst en is een natuurreservaat.\nJe zult ontdekken waarom als je er eenmaal bent!    <\/p><p  style=\"\" id=\"152\" >Kaap Fr\u00e9hel is geen Kaap Fr\u00e9hel zonder vuurtoren.\nHet is een van de vijf krachtigste vuurtorens van Frankrijk.\nDe vuurtoren staat meer dan 100 m boven zeeniveau en heeft een bereik tot 53 km.\nBeklim de 145 treden om de galerij te bereiken en geniet van het panoramische uitzicht over de wildernis, <a href=\"https:\/\/www.camping-frechealane.com\/de\/alentours\/le-fort-la-latte\/\" data-type=\"alentours\" data-id=\"152\">Fort La Latte<\/a> en de haven van Saint Malo.   <\/p><\/div><\/div><\/div><div class=\"columns__item galerie  fade-right\" style=\"align-self:center;\"><div class=\"fc-galerie fc-auto col-2\"><figure class=\"fc-galerie__item\" ><picture><source srcset=\"https:\/\/www.camping-frechealane.com\/wp-content\/uploads\/2024\/08\/AdobeStock_484959826-420x280.webp\" media=\"(max-width: 210px)\"><source srcset=\"https:\/\/www.camping-frechealane.com\/wp-content\/uploads\/2024\/08\/AdobeStock_484959826-768x512.webp\" media=\"(max-width: 421px)\"><source srcset=\"https:\/\/www.camping-frechealane.com\/wp-content\/uploads\/2024\/08\/AdobeStock_484959826-1024x683.webp\" media=\"(max-width: 1024px)\"><source srcset=\"https:\/\/www.camping-frechealane.com\/wp-content\/uploads\/2024\/08\/AdobeStock_484959826.webp\" media=\"(min-width: 1025px)\"><img decoding=\"async\" width=\"420\" height=\"210\" src=\"https:\/\/www.camping-frechealane.com\/wp-content\/uploads\/2024\/08\/AdobeStock_484959826-210x210.webp\" alt=\"Camping Le Fr\u00eache \u00e0 l&#039;\u00c2ne \" loading=\"lazy\" title=\"\"><\/picture><\/figure><figure class=\"fc-galerie__item\" ><picture><source srcset=\"https:\/\/www.camping-frechealane.com\/wp-content\/uploads\/2024\/08\/AdobeStock_130852872-420x278.webp\" media=\"(max-width: 210px)\"><source srcset=\"https:\/\/www.camping-frechealane.com\/wp-content\/uploads\/2024\/08\/AdobeStock_130852872-768x508.webp\" media=\"(max-width: 421px)\"><source srcset=\"https:\/\/www.camping-frechealane.com\/wp-content\/uploads\/2024\/08\/AdobeStock_130852872-1024x678.webp\" media=\"(max-width: 1024px)\"><source srcset=\"https:\/\/www.camping-frechealane.com\/wp-content\/uploads\/2024\/08\/AdobeStock_130852872.webp\" media=\"(min-width: 1025px)\"><img decoding=\"async\" width=\"420\" height=\"210\" src=\"https:\/\/www.camping-frechealane.com\/wp-content\/uploads\/2024\/08\/AdobeStock_130852872-210x210.webp\" alt=\"Camping Le Fr\u00eache \u00e0 l&#039;\u00c2ne \" loading=\"lazy\" title=\"\"><\/picture><\/figure><figure class=\"fc-galerie__item\" ><picture><source srcset=\"https:\/\/www.camping-frechealane.com\/wp-content\/uploads\/2024\/08\/cap-frehel-1024x581-1-420x238.webp\" media=\"(max-width: 210px)\"><source srcset=\"https:\/\/www.camping-frechealane.com\/wp-content\/uploads\/2024\/08\/cap-frehel-1024x581-1-768x436.webp\" media=\"(max-width: 421px)\"><source srcset=\"https:\/\/www.camping-frechealane.com\/wp-content\/uploads\/2024\/08\/cap-frehel-1024x581-1.webp\" media=\"(max-width: 1024px)\"><source srcset=\"https:\/\/www.camping-frechealane.com\/wp-content\/uploads\/2024\/08\/cap-frehel-1024x581-1.webp\" media=\"(min-width: 1025px)\"><img decoding=\"async\" width=\"420\" height=\"210\" src=\"https:\/\/www.camping-frechealane.com\/wp-content\/uploads\/2024\/08\/cap-frehel-1024x581-1-210x210.webp\" alt=\"Camping Le Fr\u00eache \u00e0 l&#039;\u00c2ne \" loading=\"lazy\" title=\"\"><\/picture><\/figure><\/div><\/div><\/div>","protected":false},"menu_order":0,"template":"","meta":{"_acf_changed":false,"footnotes":""},"lieu":[32],"acf":[],"_links":{"self":[{"href":"https:\/\/www.camping-frechealane.com\/nl\/wp-json\/wp\/v2\/alentours\/1603"}],"collection":[{"href":"https:\/\/www.camping-frechealane.com\/nl\/wp-json\/wp\/v2\/alentours"}],"about":[{"href":"https:\/\/www.camping-frechealane.com\/nl\/wp-json\/wp\/v2\/types\/alentours"}],"version-history":[{"count":3,"href":"https:\/\/www.camping-frechealane.com\/nl\/wp-json\/wp\/v2\/alentours\/1603\/revisions"}],"predecessor-version":[{"id":1927,"href":"https:\/\/www.camping-frechealane.com\/nl\/wp-json\/wp\/v2\/alentours\/1603\/revisions\/1927"}],"wp:attachment":[{"href":"https:\/\/www.camping-frechealane.com\/nl\/wp-json\/wp\/v2\/media?parent=1603"}],"wp:term":[{"taxonomy":"lieu","embeddable":true,"href":"https:\/\/www.camping-frechealane.com\/nl\/wp-json\/wp\/v2\/lieu?post=1603"}],"curies":[{"name":"wp","href":"https:\/\/api.w.org\/{rel}","templated":true}]}}

Cap Fréhel

<div class="columns sec-10 sec-10-c" style="align-items:center;"><div class="columns__item texte" style="align-self:center;flex-basis:40.5%;"><h1 class="h2">Fréhel</h1><p  style="" id="134" >Als je houdt van ongerepte, bijna vijandige kustlandschappen, plaatsen waar de natuur steile kliffen heeft gemaakt, waar de zee onwelkom lijkt en waar de wind hard waait: ga dan naar de <a href="https://www.camping-frechealane.com/camping-au-cap-frehel/" data-type="page" data-id="134">camping van Cap Fréhel</a>.
Dit is een van de meest indrukwekkende plekken van Bretagne, met zijn roze zandstenen kliffen 70 m boven de smaragdgroene zee, zijn kleurrijke heidevelden zover het oog reikt en zijn vuurtorens.
Het uitzicht vanaf Cap Fréhel is gewoonweg adembenemend en op een heldere dag kun je tot Paimpol kijken.  </p><p  style=""  >Een groot aantal zeevogels nestelt op de kliffen en biedt een levend spektakel binnen het bereik van de verrekijker.
Het zijn deze vogels die om ons heen vliegen en in hoge mate bijdragen aan de charme van deze plek.
(Meeuwen, zeemeeuwen, kuifaalscholvers en de meer discrete zeekoeten en pinguïns!)  </p><div class="fc-lireplus fc-desk"style=""><p  style=""  >Meer lezen  <span class="fc-icon"><svg xmlns="http://www.w3.org/2000/svg"  viewBox="0 0 320 512" width="16px" height="16px"><!--! Font Awesome Pro 6.4.2 by @fontawesome - https://fontawesome.com License - https://fontawesome.com/license (Commercial License) Copyright 2023 Fonticons, Inc.--><path d="M301.7 250.3c3.1 3.1 3.1 8.2 0 11.3l-216 216c-3.1 3.1-8.2 3.1-11.3 0s-3.1-8.2 0-11.3L284.7 256 74.3 45.7c-3.1-3.1-3.1-8.2 0-11.3s8.2-3.1 11.3 0l216 216z"/></svg></span></p><div class="group"><p  style=""  >Begin juli, op een heldere dag, wordt het roze zandsteen van de kliffen onthuld, samen met de 400 hectare dennen en heide.
Wees getuige van een waar kleurenfestival dat niet kan worden uitgelegd.
Het veen van Cap Fréhel is een van de meest bezochte plaatsen in Bretagne.
De kaap staat sinds 1967 op de lijst en is een natuurreservaat.
Je zult ontdekken waarom als je er eenmaal bent!    </p><p  style="" id="152" >Kaap Fréhel is geen Kaap Fréhel zonder vuurtoren.
Het is een van de vijf krachtigste vuurtorens van Frankrijk.
De vuurtoren staat meer dan 100 m boven zeeniveau en heeft een bereik tot 53 km.
Beklim de 145 treden om de galerij te bereiken en geniet van het panoramische uitzicht over de wildernis, <a href="https://www.camping-frechealane.com/de/alentours/le-fort-la-latte/" data-type="alentours" data-id="152">Fort La Latte</a> en de haven van Saint Malo.   </p></div></div></div><div class="columns__item galerie  fade-right" style="align-self:center;"><div class="fc-galerie fc-auto col-2"><figure class="fc-galerie__item" ><picture><source srcset="https://www.camping-frechealane.com/wp-content/uploads/2024/08/AdobeStock_484959826-420x280.webp" media="(max-width: 210px)"><source srcset="https://www.camping-frechealane.com/wp-content/uploads/2024/08/AdobeStock_484959826-768x512.webp" media="(max-width: 421px)"><source srcset="https://www.camping-frechealane.com/wp-content/uploads/2024/08/AdobeStock_484959826-1024x683.webp" media="(max-width: 1024px)"><source srcset="https://www.camping-frechealane.com/wp-content/uploads/2024/08/AdobeStock_484959826.webp" media="(min-width: 1025px)"><img decoding="async" width="420" height="210" src="https://www.camping-frechealane.com/wp-content/uploads/2024/08/AdobeStock_484959826-210x210.webp" alt="Camping Le Frêche à l&#039;Âne " loading="lazy" title=""></picture></figure><figure class="fc-galerie__item" ><picture><source srcset="https://www.camping-frechealane.com/wp-content/uploads/2024/08/AdobeStock_130852872-420x278.webp" media="(max-width: 210px)"><source srcset="https://www.camping-frechealane.com/wp-content/uploads/2024/08/AdobeStock_130852872-768x508.webp" media="(max-width: 421px)"><source srcset="https://www.camping-frechealane.com/wp-content/uploads/2024/08/AdobeStock_130852872-1024x678.webp" media="(max-width: 1024px)"><source srcset="https://www.camping-frechealane.com/wp-content/uploads/2024/08/AdobeStock_130852872.webp" media="(min-width: 1025px)"><img decoding="async" width="420" height="210" src="https://www.camping-frechealane.com/wp-content/uploads/2024/08/AdobeStock_130852872-210x210.webp" alt="Camping Le Frêche à l&#039;Âne " loading="lazy" title=""></picture></figure><figure class="fc-galerie__item" ><picture><source srcset="https://www.camping-frechealane.com/wp-content/uploads/2024/08/cap-frehel-1024x581-1-420x238.webp" media="(max-width: 210px)"><source srcset="https://www.camping-frechealane.com/wp-content/uploads/2024/08/cap-frehel-1024x581-1-768x436.webp" media="(max-width: 421px)"><source srcset="https://www.camping-frechealane.com/wp-content/uploads/2024/08/cap-frehel-1024x581-1.webp" media="(max-width: 1024px)"><source srcset="https://www.camping-frechealane.com/wp-content/uploads/2024/08/cap-frehel-1024x581-1.webp" media="(min-width: 1025px)"><img decoding="async" width="420" height="210" src="https://www.camping-frechealane.com/wp-content/uploads/2024/08/cap-frehel-1024x581-1-210x210.webp" alt="Camping Le Frêche à l&#039;Âne " loading="lazy" title=""></picture></figure></div></div></div>
